*u**2 + 8*u + 11. Suppose -2*w = -5*i - 9, -5*i + 52*w - 54*w - 41 = 0. Determine c(i).
146
Let t(d) = -d**3 + 8*d**2 + 13*d - 18. Let x be t(9). Suppose -2*r = y + 18, -2*r + 4*y - 9*y = x. Let b(l) = l**3 + 9*l**2 + 3*l + 6. Determine b(r).
-21
Let a(n) = 8*n**2 - 32*n - 67. Let w be a(-16). Let t(c) = 3*c - 2494*c**2 + w*c**2 - 2*c. Give t(1).
0
Let k(z) = z + 26. Let t be k(-23). Let v be (1 - (-3 + t))/((-2)/(-14)). Let g(x) = -x + 1 - 5 + 0*x + v. What is g(-6)?
9
Suppose 0 = 6*c - 2*c + w - 28, 0 = 3*c - w - 21. Let t(q) = 11*q - 9. Let z(v) = 8*v - 6. Let g(p) = c*z(p) - 5*t(p). What is g(-5)?
-2
Let y(h) = -39*h - 154. Suppose 5*v = 55*i - 54*i + 39, 2*v = 5*i + 34. Calculate y(i).
2
Let g(u) = -2*u - 4. Let k(v) = 2*v**2 - 25*v + 45. Let x(w) = w**2 - 19*w - 118. Let i be x(24). Let j be k(i). What is g(j)?
-10
Let y = 120 - 50. Let j = y - 77. Let p(x) = -x**3 - 6*x**2 + 8*x + 2. Determine p(j).
-5
Suppose 4*x = 3*x. Let c(k) be the third derivative of -k**5/20 + k**4/8 - 2*k**3 + 29*k**2. Let y(o) = o**2 - o + 1. Let f(u) = -c(u) - 4*y(u). What is f(x)?
8
Let o(l) = -l + 6. Suppose 0 = 2*g - 29*g + 3915. Let t = -141 + g. Give o(t).
2
Let o(s) = -77*s - 845. Let q = 19926 - 19937. Give o(q).
2
Let p(s) = 5*s + 3*s - s - 4*s. Suppose 54 = 4*k - 146. Suppose -5*b + 40 = k. Calculate p(b).
-6
Let q = 33894 - 33879. Let b(m) = -98*m + 1471. What is b(q)?
1
Let c(x) = -6*x**3 - 12*x**2 - 2*x + 7. Let n be ((-10)/6)/((-1)/(-3)). Let d(u) = -5*u**3 - 11*u**2 - 3*u + 6. Let k(q) = n*d(q) + 4*c(q). What is k(-6)?
-8
Let b(z) = 151*z**2 - 61*z**2 - 40*z**2 - 49*z**2 - 62 + 29*z. Calculate b(-31).
0
Let i(f) = f**2 - f + 1. Let d(t) = t**3 + 9*t**2 - 2*t + 14. Let m(g) = d(g) - 4*i(g). Suppose 53 = -y - 4*r, 5*y - 15 = 5*r + 20. What is m(y)?
0
Let d be 6/4 + ((-23)/(-2) - 5). Let m be d*(5 - 102/24). Suppose j - 10 = -5*f, 4*j - 5*j - m = -3*f. Let q(o) = 2*o - 3. Give q(f).
1
Let d(s) = -2*s - 4. Let z = -5 - 5. Let c be ((-4)/((-24)/15))/(2/4). Let a = z + c. Determine d(a).
6
Suppose -r - 57 + 88 = 4*i, -6 = -2*r. Let a(q) = -q**3 + q**3 + q**3 - 7*q**2. What is a(i)?
0
Let z be (10/(-15))/((-6)/(-9)) - -12. Suppose -7*q = z*q + 18. Let h(o) = -4*o - 1. Give h(q).
3
Let z(w) = -2*w**3 - 27*w**2 + 6*w + 13. Let h(g) = g**3 + 13*g**2 - 3*g - 7. Let f(i) = -9*h(i) - 4*z(i). Suppose 7*k = -8*k - 135. Determine f(k).
-16
Let s(b) = -b**3 + 7*b**2 - 25*b - 2. Let r(q) = q**2 - 10*q. Let a(p) = 7*r(p) - 3*s(p). What is a(4)?
-6
Let f(d) be the second derivative of 0 - 1/3*d**3 + 128*d + 2*d**2 - 1/4*d**4. Calculate f(-3).
-17
Let w = 8661 - 8663. Let y(k) = 3*k**2 - 3*k. What is y(w)?
18
Let x be 15/((-12)/32*-4). Let b = x + -10. Let t(v) = 2 - 6 - 29*v - 11 + 65*v - 37*v. Give t(b).
-15
Let m(v) = -2*v + 24. Let i be (141/188)/(1*(-2)/(-80)). Suppose 3*y + 9 = -4*u + 23, -5*u + i = 5*y. Calculate m(y).
4
Let s = 12075 + -12079. Let u(b) = -2 + b + 4 + 3. Calculate u(s).
1
Let i(f) = -f**2 + 3*f - 2. Let x be i(2). Let r(m) be the first derivative of m**4/4 + m**3/3 + m**2/2 - 3*m + 4927. What is r(x)?
-3
Let n(l) be the first derivative of l**4/4 + 5*l**3/3 - 4*l**2 - 7*l - 21. Let z be (-2)/(-3) - 40/6. Let c = z + 0. Determine n(c).
5
Suppose 2*q = 7*q - 215. Let y = -50 + q. Let t(u) be the second derivative of u**5/20 + u**4/2 - 7*u**3/6 + u - 2. Determine t(y).
0
Let v(m) = 3*m + 10. Let k = 363 + 25. Let c = k + -381. Calculate v(c).
31
Let w(v) = -v**2 - 8*v - 9. Suppose 2 + 252 = -36*f + 2. Give w(f).
-2
Let b(u) = -18*u - 220. Let s(a) = 18*a + 233. Let q(w) = -4*b(w) - 3*s(w). Give q(-10).
1
Let c(p) be the second derivative of -13*p**3/6 - 205*p**2/2 + 6673*p. What is c(-17)?
16
Let m(o) = -2*o**3 - 3*o**2 + o. Let j(t) = t**3 + 15*t**2 - 11*t + 12. Let u(w) = j(w) + m(w). What is u(11)?
23
Let c be 3/3*-4 + -3 + 1. Let a be 7/5 - c*2/20. Let x(h) be the second derivative of h**5/10 - h**4/4 + h**3/6 - h**2/2 + 7*h. Determine x(a).
5
Let t(q) be the third derivative of q**6/120 - 19*q**5/60 - 5*q**3/6 - 367*q**2 - q. Give t(19).
-5
Let i(o) be the second derivative of 11*o**3/6 + 2*o**2 - 1021*o. What is i(3)?
37
Suppose 0 = -j - 2*j - 102. Let b be 3*((-17)/j)/(1/(-2)). Let q(n) = n**2 + 3*n - 3. Determine q(b).
-3
Let u(j) = -j**2 - 2*j + 4. Let h be 18/8 + (-1)/4. Let k be h - (12/30 - (-26)/10). Let v be k/1*(-8)/(-2). Calculate u(v).
-4
Suppose 2*l - 71 + 65 = 0. Let d(c) = c**l - 4*c**2 + 12*c**2 + 177*c + 4 - 171*c. What is d(-7)?
11
Let u(l) = l**2 + 4*l - 7. Suppose -4*g = -5*p + 25, 0 = -3*g - 0*g. Suppose 19*t - p*t + 70 = 0. What is u(t)?
-2
Let n(m) = -8*m - 10. Suppose f = 18*i - 23*i + 35, 4*f = 2*i - 14. Give n(i).
-66
Suppose -3*u - 15 = -30. Suppose -12*j - u = -17. Let x(p) be the second derivative of -p**4/12 - p**3/3 + p**2/2 - 3*p. Give x(j).
-2
Let q(v) = -3*v - 9. Suppose 21400 - 21358 = -14*p. Give q(p).
0
Let t(w) = 7*w**2 + 2*w - 4. Suppose -106*f - 5 = -105*f - a, -2*f + a = 4. Determine t(f).
5
Let l be 52*(10/(-8)*20/10 + 2). Let d(k) = -k - 25. Calculate d(l).
1
Let r = 120751/6 - 20125. Let n(b) be the second derivative of -r*b**3 - 29*b + 0 + 7/2*b**2. Give n(8).
-1
Let z(x) = 32*x + 2 - x**2 - 12*x - 33 - 19*x + 16. What is z(0)?
-15
Let d(x) = 5*x - 12 + 69*x**2 - 12 - 68*x**2 + 38 - 17. Let l be (2 + 0)/(4/10). Suppose 4*v - 7*v - o = 19, 2*v = -l*o - 17. Give d(v).
3
Let h(q) be the second derivative of q**3/6 + q**2 - 2*q - 58018. Suppose 0 = 2*j + 3 - 7. Determine h(j).
4
Let q(h) be the second derivative of 1/6*h**3 + h**2 + 156*h + 0. Give q(14).
16
Let l(y) = -y**3 + 10*y**2 + 9*y + 4. Let h = 8000 - 7989. Give l(h).
-18
Let r(t) = -t**3 - t + 10. Suppose 9*z = 10*z - 20. Let l = 20 - z. Determine r(l).
10
Let g(r) = r**2 - 12*r + 19. Let k(w) = 7*w**2 - 70*w + 112. Let q(n) = -19*g(n) + 3*k(n). Calculate q(-14).
115
Let n(m) = 3*m**2 + 158*m + 1452. Let s be n(-12). Let k(u) = -u**3 - 12*u**2 + 6*u - 24. Give k(s).
-96
Let g(z) = 22*z**2 - 7*z + 2. Suppose 858*i - 861*i - 5*y + 9 = 0, 4*i + 3*y - 12 = 0. Determine g(i).
179
Let p(q) be the third derivative of q**6/120 - 7*q**5/60 + 7*q**4/24 - q**3/2 + q**2. Let u be p(6). Let v(g) = -9*g + 10*g - 2*g. Determine v(u).
-3
Let b(k) = k + 1. Let a(c) = -c**3 + 5*c**2 - 4*c + 2. Let j be a(3). Let h = j - -19. Suppose -3*v - h = -45. Calculate b(v).
7
Let d(t) = t**3 - 4*t**2 - 7*t + 3. Let r = 115 - 55. Suppose 3*y - 15*y = -r. Calculate d(y).
-7
Let s(k) = -12*k - 1. Let l = -30 - -97. Let p = l - 82. Let z be (-10)/25 + 24/p. What is s(z)?
23
Let z be (6/(-15))/(-2) + (-66)/30. Let l(k) be the third derivative of k**4/2 + k**3/6 + 835*k**2. What is l(z)?
-23
Let i be (-8)/(-6)*90/(-60). Let g(v) be the first derivative of -v**3/3 - 3*v**2/2 - 3*v + 12. Give g(i).
-1
Let u = -1 + 4. Let k(f) = u + 4*f - 3. Let d = -36989 - -36991. What is k(d)?
8
Let h(t) be the first derivative of t**6/120 + t**5/6 + 3*t**4/8 + 2*t**3/3 + 17*t**2 - 2*t - 24. Let r(g) be the second derivative of h(g). Give r(-9).
4
Let x(h) be the second derivative of -h**5/20 + 3*h**2 - 10*h. Suppose -2*p + 4 = 14. Let t be 0/((p - -3)/1). What is x(t)?
6
Suppose 5*g - r = 14, 0*g + 4*r = 2*g + 16. Let n(o) = 5*o**3 - 17*o**2 + o + 4. Calculate n(g).
56
Let v(h) = h + 15. Let n be v(-7). Let b(d) = -n*d + 16*d - 2*d + d**3 + 3 - 3*d**2 - 8*d. Determine b(3).
-3
Suppose -7*s = -3*s + 384. Let u = s + 63. Let l = u + 42. Let t(p) = p**2 - 10*p + 5. What is t(l)?
-4
Let o(y) = -y + 4283090 + y - 3*y - 4283102 + y + y. Suppose -5 = -2*m - 21. Determine o(m).
-4
Let m = 15 - 8. Let r(d) = -d**2 + 7*d + 6. Let y be r(m). Let x(n) = -42*n**2 + 29*n**3 + 2 + n + 48*n**2 - 30*n**3. What is x(y)?
8
Let f(l) = -l - 5. Suppose -5*d + 13 = -2, 5*s - 103 = 4*d. Suppose -3*a + s = -0*t - 4*t, 4*t + 21 = a. Give f(t).
0
Let a(z) = -2*z - 2. Let s(u) = -3*u + 12. Suppose -5*c + 45 = -5*n, -n + 15 = -0*c + 2*c. Let t be 6 - 2/(c/12). Let x be s(t). What is a(x)?
-8
Let d(c) = 193*c + 27. Let i(t) = 61*t + 9. Let r(v) = -6*d(v) + 19*i(v). Let z be 6/10 + 4/10. Suppose 5*j - 3*n + 45 = 0, -j - 2*n + n = z. Determine r(j).
3
Let v = 7 - 2. Let z(g) = 2*g - 2*g**3 - 5*g + g**3 + v*g**2. Suppose a = -42*a - 60*a + 515. Calculate z(a).
-15
Suppose -u + v = 0, -3*u - 17*v + 12*v = -40. Let f(q)